 + 107. Determine f(v).
0
Suppose -2*u = 5*v - 7*u - 85, 5*u = -v + 11. Suppose -j - 2*c + v = 0, 4*j - 2*c - 21 = 33. Let t(q) = -2 - 6 + 2 - q**2 + 7*q - j*q. Calculate t(-5).
4
Let f(u) be the first derivative of -u**4/4 + 7*u**3/3 - 5*u**2/2 + 4*u - 4410. Determine f(3).
25
Let z(s) be the second derivative of -7*s**3/6 - s**2/2 - 90*s - 2. Suppose 16 = n + 4*h, n - 3*n + 16 = 4*h. Suppose n*j + 2*j + 2 = 0. What is z(j)?
6
Let b(i) = 2*i**3 - 2*i**2. Suppose 5*z + 5*w = 3*w + 28, -4*z + 29 = -5*w. Suppose 0*c + h = -c + z, 5*c - 3*h + 2 = 0. Give b(c).
8
Let i(u) be the first derivative of 2*u**2 + 2*u - 16. Let w = 495 + -498. Determine i(w).
-10
Let d(p) = p**2 - 10*p + 14. Suppose -s + 3*g + g = 4, -s - 3*g = -10. Suppose 0 = -3*f + 3*v + 30, -6*f = -f - s*v - 50. Calculate d(f).
14
Let k(c) = c + 16. Let d be k(-12). Let i(n) be the first derivative of -2*n**2 + 1/3*n**3 + n - 22. Determine i(d).
1
Let k(z) = -2482 - 2491 + 4976 - 2*z. Let q(y) = -2*y + 4. Let u be q(-7). Suppose 0 = -0*c - 3*c - u. Calculate k(c).
15
Let t(d) = d**2 + 3*d - 2. Let q = 506 - 479. Suppose -15 = 14*c + q. Calculate t(c).
-2
Let s be (3 - 2)/((-8)/280*-7). Suppose -s*l = 5*n + 60, -l + 32 = -3*l + 2*n. Let y(z) = -z - 15. Calculate y(l).
-1
Let p(f) = -f**2 + 6*f - 4. Suppose -612 = 18*a - 1458. Suppose -4*c - 27 = -a. Determine p(c).
1
Let j(f) be the third derivative of f**6/240 + f**5/120 + 35*f**4/24 + 29*f**2. Let v(h) be the second derivative of j(h). Let c = 35 + -32. Determine v(c).
10
Let u(k) = -10*k - 11. Let a(o) = 41*o + 65. Let f(y) = -a(y) - 4*u(y). Calculate f(-3).
-18
Let t(y) = 20*y + 1524*y**2 - 5*y - 1523*y**2. What is t(-16)?
16
Let d(q) = q**3 + 12*q**2 - q - 9. Let z be d(-12). Let o(w) = 5*w**2 + 4*w + 5*w**2 - 20 - 3*w**3 + 4*w**z - 7*w + 10*w. Determine o(-9).
-2
Let w(f) = -f**3 + 3*f**2 + 17*f - 3. Let x be w(-3). Suppose x = -5*t - 4*i + 50, 10*t = 12*t - 3*i + 3. Let r(o) = -5*o + 19. Give r(t).
-11
Let t(x) = 183*x - 362. Let b(s) = 4*s**3 - 71*s**2 + 16*s - 610. Let d be b(18). Give t(d).
4
Suppose -7*v + 19 + 37 = 0. Let o be (-12 + 14)/((-1)/(-4)). Suppose 8 = v*c - o. Let i(w) = -w**3 + 2*w**2 - 3*w + 1. Give i(c).
-5
Suppose 10*m - 320 = -360. Let k(x) be the third derivative of -x**5/60 - x**3/6 + 6*x**2. Let r(i) = 3*i**2 - 5*i + 6. Let v(w) = 4*k(w) + r(w). Give v(m).
6
Suppose 2*m - 61 = 3. Suppose 3*s - 6*s = 4*v - m, -4*s + 21 = v. Let i(z) = 2*z**2 - 4*z - 6. Calculate i(v).
24
Let i(d) = -d**2 - 4*d - 4. Suppose 0 = 8*v - 791 - 889. Suppose -v = -15*h + 45*h. Determine i(h).
-25
Let i be -2 + (4 + 0)/1. Let z be (-8)/(-18)*108/24. Let y(t) = 0*t**i + 0*t**2 + 7*t + t**2 - 1 + z. Give y(-8).
9
Let p(c) = -5*c + 11. Let u be p(-5). Let q = u + -34. Suppose -s = 3*w + 12, -2*w - 3*s = q*s - 5. Let g(d) = -d - 2. Calculate g(w).
3
Suppose 0 = 51*p - 32*p - 17176. Let c = p - 902. Let q(d) = d**2 - 2*d + 3. What is q(c)?
3
Let n be (-73)/(-3) - (-66)/99. Suppose -5*p - 75 = -2*v, v + 4*v - n = 0. Let g(d) = -2*d - 19. Calculate g(p).
7
Let l(t) = -1748*t**2 + 1 + 842*t**2 + 917*t**2 - 7*t - 2*t**3. Calculate l(4).
21
Let x(j) = -30*j - 150. Let r(g) = 75*g + 374. Let u(q) = 5*r(q) + 13*x(q). What is u(-5)?
-5
Suppose 14 = 2*s - 3*x, -2 = -50*x + 51*x. Let z(v) = 6*v**2 - 18*v - 13. What is z(s)?
11
Suppose 411*d + 944 = -11797. Let v(r) = -r**3 - 31*r**2 - 8. Calculate v(d).
-8
Let w(d) be the third derivative of -d**6/120 + 7*d**3/6 + 58*d**2. Let i be 10/4 + 10/20. Suppose 0 = i*r - 0*l + 4*l + 16, 4*r + 5*l + 20 = 0. Determine w(r).
7
Let j(f) = f**2 + 8*f + 2. Let k = -17418 - -17426. Give j(k).
130
Let r(b) = -b**2 + 8*b - 9. Let f = -25 + -19. Let q = 2 - f. Suppose y + 20 = 6*y + 3*l, 5*l = 3*y - q. Determine r(y).
-2
Let r be 87/(-9) + 10 + (-4)/(-12). Let i(l) be the first derivative of -r*l**3 + l**2 + 10 - l. Determine i(2).
-5
Let p(u) = 3 - 1 - 5*u**2 - 706927*u + 706924*u. Calculate p(-3).
-34
Let m(h) = 43*h - 209. Let d = 13631 + -13626. Determine m(d).
6
Suppose 0 = -2*k - 4*p + 50, 4*p - 8*p = -5*k + 125. Suppose k*i - 28*i + 12 = 0. Let n(r) = -i*r - 1 - 6 + 6. Calculate n(-1).
3
Let u be ((-18)/(-27))/((-8)/36 - (-3)/(-27)). Let x(o) = -2*o**3 - o**2 - 4*o - 1. Let z(y) = -y**3 - 3*y. Let i(v) = -2*x(v) + 3*z(v). Calculate i(u).
4
Let v(u) be the second derivative of u**5/20 - u**4 + 7*u**3/6 + 21*u**2/2 + 1695*u. Calculate v(11).
-23
Let o(k) = k**3 - 13*k**2 + 24*k - 32. Suppose 21*a + 413 = 644. Give o(a).
-10
Let m be 10/4 - (5 + (-44)/8). Let t be 4/12*(-9)/m. Let v(w) = 2*w**3 - w**2 - 5*w + 4. Let x(r) = -r**3 + r - 1. Let d(h) = -v(h) - 4*x(h). What is d(t)?
-2
Let w(v) = -v**3 - 3*v**2 + 44*v + 32. Let o be w(-8). Let l(b) = -b**3 + b**2 - 9*b - 3. Determine l(o).
-3
Let h = -123 + 129. Let r be (0 + 6)/(-3) - -4. Let i(w) = h + 0 + 240*w**r + 3*w + 2 - 241*w**2. Give i(6).
-10
Let x = 24 - 30. Let s(p) be the second derivative of -2/3*p**3 + 0 + 5/2*p**2 - 3*p - 1/12*p**4. Calculate s(x).
-7
Let b(a) be the first derivative of a**5/60 - 5*a**4/24 - a**3/3 + 6*a**2 - 27. Let k(u) be the second derivative of b(u). Calculate k(5).
-2
Let t = 0 + 1. Let a(c) = -239*c + 2. Let y(x) = -68*x + 1. Let q(k) = 2*a(k) - 7*y(k). What is q(t)?
-5
Let q be (-10)/(-4)*(-6)/(-15)*5. Suppose 5*v - q*m = 40, 35 - 13 = 5*v + m. Let g(f) = -v*f + 16*f**2 - 5*f**2 - 5 - 6*f**2 - 6*f**2. What is g(-6)?
-11
Let g(c) = c**3 + 7*c**2 + c + 7. Suppose 2 - 12 = -2*u. Let l be (-39)/u + 1 + 444/555. Determine g(l).
37
Let m(v) = -9*v + 12. Let b(c) = -16*c + 25. Let t(r) = -3*b(r) + 5*m(r). Calculate t(11).
18
Let w(z) = 2*z**3 + 15*z**2 + 6*z - 1. Let b(g) = g**3 + 110*g**2 - 223*g + 105. Let s be b(-112). What is w(s)?
6
Let g(x) = 13*x. Suppose 4*a + 13 = -q, q - a = -17 + 14. Give g(q).
-65
Let c(w) be the first derivative of 118 - 109 + w**2 - 2*w - 79 + 0*w**2. Determine c(3).
4
Let p be (-1)/4 + -68*(-14)/224. Let f(t) = 12*t + t - 11*t - p*t. Let h(z) = -z**2 + 7*z. Let k be h(6). Calculate f(k).
-12
Let n(w) = -48*w**3 - w. Let y(q) = 3*q**3 - q**2 - 185*q + 9. Let g be y(8). What is n(g)?
-49
Let t be (-144)/20*5/3. Let k(o) = -o**3 - 12*o**2 - 4*o + 10. What is k(t)?
58
Let r(l) = l**3 + 18*l**2 + 3*l + 39. Suppose 2*c + n + 38 = 0, 0 = -5*c - 3*n - 93 - 3. Give r(c).
-15
Let h(s) = -59*s + 3481. Let o be h(59). Let z(y) = -y**3 + y**2 - y - 28. Give z(o).
-28
Let i(f) = 2*f**2 + 8*f - 18. Let w = 6071 + -6076. Calculate i(w).
-8
Let w be ((-137)/(-548))/(-2*3/120). Let f(h) = -5*h - 5 + 2 + 0. Determine f(w).
22
Let i(l) be the first derivative of -6*l**2 - l + 5252. Give i(2).
-25
Let a(c) be the third derivative of 1/12*c**4 + 0 + 16*c**2 + 0*c + 9/2*c**3 - 1/40*c**5. Let h(y) be the first derivative of a(y). Determine h(-5).
17
Let s = 254 - 254. Let m be s - (2 - -8)*(6 + -7). Let c(n) = n - 13. Determine c(m).
-3
Let x(l) = -3*l - 3*l - 3 + 4. Suppose 2*y + 46 = -z + 5*z, 2*z - 2 = 0. Let q be ((-3)/y)/(2/7)*2. Calculate x(q).
-5
Let h(o) be the second derivative of -88*o - 1/12*o**4 + 0 + 0*o**2 - 13/10*o**5 - 1/6*o**3. Calculate h(-1).
26
Let o(d) = 2*d**2 + 33*d + 1. Let j(v) = -11*v**2 - 201*v - 8. Let p(n) = j(n) + 6*o(n). Let g be (-1)/3 + 20/6. Determine p(g).
-2
Let f(g) = -g**3 - 5*g + 6. Suppose -68 = 144*n - 212*n. Determine f(n).
0
Let d(s) be the second derivative of -1/3*s**3 + 9*s - 3/2*s**2 + 1/6*s**4 + 1/20*s**5 + 2. What is d(-3)?
-6
Let z = -4/2257 + 2269/6771. Let u(b) be the second derivative of 0 + 0*b**2 + 1/6*b**3 + 8*b + z*b**4. Determine u(1).
5
Let x(n) = -n**3 - 4*n**2 - 16*n - 22. Suppose 332*i - 331*i = -4*h - 15, i = -2*h - 11. What is x(h)?
2
Let b = -17 - -19. Let x = b - 7. Let q(j) = -19*j**3 + j**2 - 9*j - 7. Let g(i) = 32*i**3 + 16*i + 13. Let n(k) = 3*g(k) + 5*q(k). Determine n(x).
-11
Let u = 12431 + -12430. Let s(w) = 3*w**3 - 2*w**2 + w. What is s(u)?
2
Let l be -60 - -62 - (-1 - 0). Let x(z) = 2*z + 4*z**3 + z**3 - 4*z**l - 1 + 0*z - z. Calculate x(1).
1
Suppose -s = l - 54 + 58, 3*l = -15. Let c(h) = 3*h**2 + 2*h - 1. Calculate c(s).
4
Let s(h) be the third derivative of -h**5/60 - h**4/24 + 3*h**3/2 + 1394*h**2. Give s(-5).
-11
Let p(r) = r**3 + r**2 + r + 1. Let b = 6 + -4. Let u(h) = 3*h**3 + 4*h**2 - 2*h. Let s = 5961 + -5962. Let m(t) = b*p(t) +